. What is the tens digit of d?
3
Let u = 11 + -5. Let x = -7 - u. Let j = 33 + x. What is the tens digit of j?
2
Let h(w) = 0 - 1 + 8*w + 0 + 11 + w**2. What is the tens digit of h(-8)?
1
Let o(x) be the first derivative of -x**2/2 + 7*x - 2. Let a be o(5). Suppose -3 = -w + a. What is the units digit of w?
5
Let q(c) = c**3 - 2*c**2 + 2*c - 4. Let r be q(2). Suppose 0 = 2*z - r*z - 2. What is the units digit of z?
1
Let y = -10 - -6. Let d(j) = -j + 2. Let m be d(y). What is the units digit of -1*(-2 - (m + -1))?
7
Let i(n) = -n - 3. Let s be i(-3). Suppose -5*f + 2*f + 45 = s. What is the tens digit of f?
1
Suppose 4*p + p = 15. Suppose -4*d - 5*m + 4 = 0, -p*d - m + 2*m = 16. What is the units digit of (-42)/d*2/3?
7
Suppose 20 = -3*j + 122. Let w = j - 21. What is the tens digit of w?
1
What is the units digit of -9 + 6 - (-66 + 2/2)?
2
Let s = 3 + 0. Suppose -s*h + 21 = -0. Suppose 2*m - 3*m = -h. What is the units digit of m?
7
Suppose -2*l - 453 = -5*i, 3*i + 2*i - 4*l - 451 = 0. What is the tens digit of i?
9
Let p(t) = t**3. Let a be p(1). Let j be (a + 1)*2/(-1). Let h = 10 + j. What is the units digit of h?
6
Suppose -5*r + 210 = 5*a, a + 3 = 2. What is the tens digit of r?
4
Let v be 26/(-22) - (-4)/22. Suppose -4*m - 12 = p - 5*p, -4*p + 3*m + 11 = 0. What is the units digit of 2*(1 - v/p)?
3
Let b = 4 + -2. Let p = 43 - 15. Suppose -2*n = b*n - p. What is the units digit of n?
7
Let h(n) = -n**3 + 2*n + 3*n**2 - 5*n**2 + 2*n**3. Let g be h(3). Suppose -2*x + 4*x - 10 = 5*d, -3*x + g = -5*d. What is the units digit of x?
5
Let k be 82/10 + 4/(-20). What is the tens digit of (k/10)/(2/25)?
1
Suppose -2*d + 18 = -3*l, -l = 2*d + l + 2. Suppose -7*g = -d*g. Suppose g = 3*i + i - 48. What is the units digit of i?
2
Let t = -44 + 104. What is the units digit of t?
0
Let g(y) = -y**2 - 8*y - 3. Let q be g(-7). Let a(b) = -b**3 + 5*b**2 - 2*b - 4. What is the units digit of a(q)?
4
What is the units digit of (-2)/(((-8)/14)/2)?
7
Suppose -2*t + 68 = 4*c, -15 - 10 = 5*c. What is the tens digit of t?
4
Let s(b) = b**3 + 9*b**2 + 6*b + 5. Let z be s(-8). What is the units digit of 4/6*z/2?
7
Let u be -10*4/(-2)*1. Suppose -4*g = -3*g + 4*z - u, -4*g + 92 = 4*z. Suppose w - 5*w + g = 0. What is the units digit of w?
6
Suppose m - 13 = 6. Suppose -3*t = -2*k + 7*k - m, 4*t + 2*k = 44. What is the tens digit of t?
1
Let a(i) = -8*i + 18. What is the units digit of a(-4)?
0
Let h(y) = y**3 - 8*y**2 + 8*y - 5. Let x be h(7). Suppose -5*d - 6 = -3*k - 29, 0 = -4*d - x*k + 14. What is the units digit of d?
4
Let o be (3/3)/((-1)/23). Let j = 37 + o. Suppose j = -3*g + 41. What is the units digit of g?
9
What is the tens digit of 21 - (-2 - 0/4)?
2
Let w = -6 - -2. Let z(d) = -d**2 - 5*d - 2. Let o be z(w). Let c(y) = 11*y - 3. What is the units digit of c(o)?
9
Let i(c) = c**2 + 3*c - 4. Let k be i(-3). Suppose 4*u - 5*b - 34 = 0, -3*b + 3 = -u + 8. Let s = k + u. What is the units digit of s?
7
Let m be ((-1)/(-2))/(4/16). Suppose 7 = -3*a - m. Let h(o) = -3*o. What is the units digit of h(a)?
9
Let b = -146 + 204. What is the units digit of b?
8
Suppose -3*r = 2*d - 78, 5*r - d + 4*d - 129 = 0. Let k be r/14 - 10/(-35). What is the units digit of k/4 + (-4)/(-8)?
1
Let w(q) = -6*q**2 - q**3 + q**3 - 9*q - q**3 + 2*q. Let m be w(-5). Let v = m + -4. What is the units digit of v?
6
Suppose -k + 28 = h, -3*h = -0*h + 2*k - 84. What is the tens digit of h?
2
Let b(m) = m**3 - m**2 + 1. Let w(i) = i**3 + 13*i**2 - 14*i + 1. Let u be w(-14). Let y be b(u). What is the units digit of 9/((-2)/(y + -3))?
9
Let j(v) = v**2 - 5*v + 11. What is the units digit of j(8)?
5
Suppose f + 17 = -5*m + 3*f, 2*m + 2 = 2*f. Let d = -4 - m. What is the units digit of d?
1
Suppose -211 = -d - 4*u - 14, -d = -5*u - 197. What is the hundreds digit of d?
1
Let a be (9/3 - 0) + 3. Suppose y - a = -1. Let f = y - 3. What is the units digit of f?
2
Suppose -9 = -5*x + 201. What is the units digit of x?
2
Let v(p) = -p**2 + 7*p - 9. Let h be v(6). What is the tens digit of 17*(1 + 3 + h)?
1
Let r(k) = k**3 - 2*k**2 + 4. What is the units digit of r(4)?
6
Suppose 28 = 4*i + 8. Suppose 34 = 4*x - 0*z - 5*z, i*z = -3*x + 8. What is the units digit of x?
6
Let t = -13 - -25. Suppose -d - t = -3*d. Suppose -d + 2 = -2*i. What is the units digit of i?
2
Let u be (1 - 0) + -1 + 2. Suppose u = -r + 24. Let m = r + -13. What is the units digit of m?
9
Let l(a) = a**2 + 7*a - 8. Let m(f) = -f**3 - 8*f**2 - 5*f + 5. Let d be m(-7). What is the tens digit of l(d)?
1
Suppose 0*h - h + 1 = 0. Let s(n) = 3*n**2 - 3*n**2 + 4*n**2. What is the units digit of s(h)?
4
Let z(a) = -12*a - 43. What is the units digit of z(-23)?
3
Let g(j) = j**3 - 5*j**2 + 3*j - 3. Let l be g(4). Let p = 14 + l. What is the units digit of p?
7
What is the tens digit of -3 - -45 - 3/(-3)?
4
Let p be 3*9/(81/(-60)). Let s = -12 - p. What is the units digit of s?
8
Let u = 258 + -128. What is the units digit of u?
0
Let x = 2 + -3. What is the units digit of 7 + -2 + 1 + x?
5
Suppose 0 = 2*t - 2 - 12. Let y be 2/t - (-231)/49. Suppose q - 5*q - 5*o = -43, y*q - 2*o = 62. What is the units digit of q?
2
Let p(c) = c**2 - c + 4. Let q be p(0). Suppose q*l = l + 2*d - 1, 10 = -5*l + 5*d. Suppose 4*m - l*m + n = 3, -5 = -5*n. What is the units digit of m?
2
Suppose 3*z + 2 - 17 = 0. Suppose 4*p + 17 - 1 = i, -5*i = 4*p + 16. Let d = z + i. What is the units digit of d?
5
Let m = 13 + -13. Suppose m = 4*n - 6 - 86. What is the tens digit of n?
2
Let l = 3 + -13. Let g = -2 - l. What is the units digit of g?
8
Suppose i - 6 = -1. Let s = -4 + i. What is the units digit of s?
1
Suppose -5*m + 100 = 5*a, m - 5*a - 14 = -3*a. What is the tens digit of 4/(-6) - (-408)/m?
2
Let n = -8 - 26. What is the units digit of n/(-9) - (-4)/18?
4
Let u(q) = q**2 + 25. Let b(w) = -w + 8. Let v be b(8). What is the tens digit of u(v)?
2
Suppose -3*x + 1064 = 4*x. What is the units digit of x?
2
Let s be -7 - -1 - -4 - -6. What is the units digit of 110/s*(-12)/(-10)?
3
Let v be ((-4)/(-12))/(1/15). Suppose -v*s = 4*g - 35, -2*s - 3*s = -3*g. Suppose s*j + 1 = 5*n - 5, -12 = -j - 3*n. What is the units digit of j?
3
Let k be (-20)/((-6)/3) - 2. Let t be (-2)/(-8) - 2/k. Suppose -r + t*r + 7 = 0. What is the units digit of r?
7
Suppose d - 87 = -3*h, -5*h = -4*d + 485 - 52. What is the tens digit of d?
0
What is the units digit of (-1020)/(-80)*16/6?
4
Suppose 0 = 4*n + 16, -3*i - n = -i + 88. What is the tens digit of (-3)/(87/i - -2)?
4
Suppose 0 = p - 5 - 30. What is the tens digit of p?
3
Suppose 13*c - 110 = 3*c. What is the units digit of c?
1
Suppose 0 = l - 0*l. Suppose -5*w + 4*k + 41 = l, -3*k + 6 = -w + 23. Let b = 11 - w. What is the units digit of b?
6
Suppose 0 = 4*u + q - 81, -5*u - 4*q + 14 + 90 = 0. What is the tens digit of u?
2
Suppose 70 = -l + 6*l. Let m = 35 - l. What is the tens digit of m?
2
Let u be 0*(3 - (2 + 0)). Suppose -4*a = -u*a - 68. What is the tens digit of a?
1
Let g(q) be the third derivative of -q**5/60 - q**4/4 + 5*q**3/6 + 3*q**2. What is the units digit of g(-6)?
5
Suppose -4*f + 134 = -2*i, -27 = -4*f + i + 106. Let k = f + -46. Let u = -9 - k. What is the units digit of u?
4
What is the units digit of (11/(-3))/(6/(-36))?
2
What is the hundreds digit of (56/(-5))/(-5 - (-495)/100)?
2
Let d(q) = 13*q**3 + 11*q**2. Suppose 0 = -y + 6*y + 45. Let u(a) = -6*a**3 - 5*a**2. Let f(x) = y*u(x) - 4*d(x). What is the units digit of f(1)?
3
Let z(a) = a**3 - 5*a**2 - 6*a - 8. What is the units digit of z(8)?
6
Suppose 0 = 4*j - 2*j + 12. Let n = 15 - j. What is the tens digit of n?
2
Let s = -518 - -908. What is the hundreds digit of s?
3
Let b(u) be the second derivative of -u**6/120 + u**4/6 - 3*u. Let d(v) be the third derivative of b(v). What is the units digit of d(-1)?
6
Let g(n) = 14*n**2 + 12*n - 3. What is the tens digit of g(-6)?
2
Let i be (8/10)/((-6)/(-15)). Suppose 15 = i*u + u. Suppose -4*z - 5*a = -15 - 9, -2*z + 22 = u*a. What is the units digit of z?
1
Suppose 5*f = 17 + 13. Suppose -f = -4*l - 2*k, 4*l = 3*k - 10 + 1. Suppose 2*q - 2*a - 20 = l, 0 = -4*q - 5*a + 27 + 13. What is the units digit of q?
0
Let k be 1/((-2)/(-162)*3). Let t = k + 3. Suppose -3*d + 0*d = -t. What is the units